{"id":1603,"date":"2023-02-12T15:09:44","date_gmt":"2023-02-12T15:09:44","guid":{"rendered":"https:\/\/www.renonat.com\/?page_id=1603"},"modified":"2023-02-12T15:17:41","modified_gmt":"2023-02-12T15:17:41","slug":"glossaire","status":"publish","type":"page","link":"https:\/\/www.renonat.com\/index.php\/glossaire\/","title":{"rendered":"Glossaire"},"content":{"rendered":"\n<p class=\"has-text-align-center has-colibri-color-6-color has-text-color has-large-font-size\"><strong>Glossaire<\/strong><\/p>\n\n\n\n<p class=\"has-colibri-color-6-color has-text-color\">Le <strong>diagnostic<\/strong> peut porter sur tout ou partie d&rsquo;un immeuble. Il permet d&rsquo;\u00e9tablir le constat d\u00e9taill\u00e9 de l&rsquo;\u00e9tat actuel du bien et la d\u00e9termination de la nature et des causes de toutes les alt\u00e9rations et d\u00e9sordres, ainsi que les conclusions qui en r\u00e9sultent. Le diagnostic est fond\u00e9 sur l&rsquo;observation, l&rsquo;investigation et l&rsquo;analyse historique. (Cf. Norme europ\u00e9enne EN 15898 : 2011(F) Terme 3.6.6)<\/p>\n\n\n\n<p class=\"has-colibri-color-6-color has-text-color\"><strong>Capillaire: <\/strong>canal tubulaire de tr\u00e8s petit diam\u00e8tre qui permet \u00e0 l&rsquo;air ou \u00e0 l&rsquo;eau de circuler \u00e0 travers les mat\u00e9riaux, sous l&rsquo;effet des forces de capillarit\u00e9. L&rsquo;eau monte dans le sol par capillarit\u00e9.&nbsp;<\/p>\n\n\n\n<p class=\"has-colibri-color-6-color has-text-color\"><strong>Frein vapeur: <\/strong>Membrane qui a pour principal but de limiter le transfert de vapeur d\u2019eau dans les parois et de contribuer ainsi \u00e0 la p\u00e9rennit\u00e9 de l\u2019ouvrage et \u00e0 la durabilit\u00e9 de ses performances dans le temps. La pose d\u2019une membrane pare-vapeur permet \u00e9galement de renforcer l\u2019\u00e9tanch\u00e9it\u00e9 \u00e0 l\u2019air du b\u00e2timent vis-\u00e0-vis de l\u2019ambiance ext\u00e9rieure, ce qui contribue \u00e0 la r\u00e9duction de la consommation d\u2019\u00e9nergie.<\/p>\n\n\n\n<p class=\"has-colibri-color-6-color has-text-color\"><strong>Inertie thermique:<\/strong> capacit\u00e9 \u00e0 stocker de la chaleur. Elle d\u00e9pend de sa masse et de son \u00e9paisseur.<\/p>\n\n\n\n<p class=\"has-colibri-color-6-color has-text-color\"><strong>Perm\u00e9ance:<\/strong> expression de la quantit\u00e9 de vapeur d&rsquo;eau qui peut traverser une unit\u00e9 de surface d&rsquo;une paroi en une unit\u00e9 de temps, lorsque la diff\u00e9rence de pression de vapeur entre les deux ambiances s\u00e9par\u00e9es par cette paroi est une unit\u00e9 de pression.&nbsp;&nbsp;<\/p>\n\n\n\n<p class=\"has-colibri-color-6-color has-text-color\"><strong>Perspiration, parois perspirantes: <\/strong>Propri\u00e9t\u00e9 d&rsquo;une paroi \u00e0 laisser transiter l&rsquo;humidit\u00e9 \u00e0 travers son \u00e9paisseur et \u00e0 la laisser s&rsquo;\u00e9vaporer lorsqu&rsquo;elle arrive \u00e0 la surface.<strong>&nbsp;<\/strong><\/p>\n\n\n\n<p class=\"has-colibri-color-6-color has-text-color\"><strong>Point de ros\u00e9e<\/strong>: La vapeur d&rsquo;eau se transforme en eau en atteignant son point de ros\u00e9e en se rapprochant des parois ext\u00e9rieures. Lorsque l&rsquo;humidit\u00e9 relative augmente jusqu&rsquo;au niveau de l&rsquo;humidit\u00e9 saturante (HR=100%)., on dit que la vapeur d&rsquo;eau devient saturante.&nbsp;<\/p>\n\n\n\n<p class=\"has-colibri-color-6-color has-text-color\"><strong>Pont thermique<\/strong>: il d\u00e9signe des points de la construction ou barri\u00e8re isolante est rompue pour des raisons de mise en oeuvre d\u00e9fectueuse ou de manque de rigueur dans la conception de l&rsquo;ouvrage. Les ponts thermiques constituent des zones de forte d\u00e9perdition thermique; l&rsquo;humidit\u00e9 peur s&rsquo;y condenser. (fiche illustr\u00e9e parc Loire Anjou Touraine)&nbsp;<\/p>\n\n\n\n<p class=\"has-colibri-color-6-color has-text-color\"><strong>R\u00e9habilitation: <\/strong>Remise en \u00e9tat<strong> <\/strong>d&rsquo;une habitation, d&rsquo;un immeuble d\u00e9labr\u00e9 et y apporter le confort.&nbsp;<\/p>\n\n\n\n<p class=\"has-colibri-color-6-color has-text-color\"><strong>R\u00e9novation: <\/strong>Remettre \u00e0 neuf, modernisation sans en changer les caract\u00e9ristiques<\/p>\n\n\n\n<p class=\"has-colibri-color-6-color has-text-color\"><strong>Restauration: <\/strong>Elle a lieu apr\u00e8s d\u00e9gradations. Elle induit le r\u00e9tablissement d&rsquo;un b\u00e2timent ancien dans un b\u00e2timent ant\u00e9rieur.<\/p>\n","protected":false},"excerpt":{"rendered":"<p>Glossaire Le diagnostic peut porter sur tout ou partie d&rsquo;un immeuble. Il permet d&rsquo;\u00e9tablir le constat d\u00e9taill\u00e9 de l&rsquo;\u00e9tat actuel du bien et la d\u00e9termination de la nature et des causes de toutes les alt\u00e9rations et d\u00e9sordres, ainsi que les conclusions qui en r\u00e9sultent. Le diagnostic est fond\u00e9 sur l&rsquo;observation, l&rsquo;investigation et l&rsquo;analyse historique. (Cf. [&hellip;]<\/p>\n","protected":false},"author":1,"featured_media":0,"parent":0,"menu_order":0,"comment_status":"closed","ping_status":"closed","template":"","meta":{"footnotes":""},"class_list":["post-1603","page","type-page","status-publish","hentry"],"yoast_head":"<!-- This site is optimized with the Yoast SEO plugin v21.5 - https:\/\/yoast.com\/wordpress\/plugins\/seo\/ -->\n<title>Glossaire - R\u00e9noNat<\/title>\n<meta name=\"description\" content=\"Am\u00e9liorez votre connaissance de la ma\u00eetrise d&#039;ouvrage gr\u00e2ce \u00e0 notre glossaire d\u00e9taill\u00e9. D\u00e9couvrez les termes cl\u00e9s et les concepts importants pour une meilleure compr\u00e9hension de ce domaine. Consultez notre guide pour en savoir plus.\" \/>\n<meta name=\"robots\" content=\"index, follow, max-snippet:-1, max-image-preview:large, max-video-preview:-1\" \/>\n<link rel=\"canonical\" href=\"https:\/\/www.renonat.com\/index.php\/glossaire\/\" \/>\n<meta property=\"og:locale\" content=\"fr_FR\" \/>\n<meta property=\"og:type\" content=\"article\" \/>\n<meta property=\"og:title\" content=\"Glossaire - R\u00e9noNat\" \/>\n<meta property=\"og:description\" content=\"Am\u00e9liorez votre connaissance de la ma\u00eetrise d&#039;ouvrage gr\u00e2ce \u00e0 notre glossaire d\u00e9taill\u00e9. D\u00e9couvrez les termes cl\u00e9s et les concepts importants pour une meilleure compr\u00e9hension de ce domaine. Consultez notre guide pour en savoir plus.\" \/>\n<meta property=\"og:url\" content=\"https:\/\/www.renonat.com\/index.php\/glossaire\/\" \/>\n<meta property=\"og:site_name\" content=\"R\u00e9noNat\" \/>\n<meta property=\"article:modified_time\" content=\"2023-02-12T15:17:41+00:00\" \/>\n<meta property=\"og:image\" content=\"https:\/\/www.renonat.com\/wp-content\/uploads\/2022\/11\/cropped-cropped-cropped-Renonat2.png\" \/>\n\t<meta property=\"og:image:width\" content=\"512\" \/>\n\t<meta property=\"og:image:height\" content=\"512\" \/>\n\t<meta property=\"og:image:type\" content=\"image\/png\" \/>\n<meta name=\"twitter:card\" content=\"summary_large_image\" \/>\n<meta name=\"twitter:label1\" content=\"Dur\u00e9e de lecture estim\u00e9e\" \/>\n\t<meta name=\"twitter:data1\" content=\"2 minutes\" \/>\n<script type=\"application\/ld+json\" class=\"yoast-schema-graph\">{\"@context\":\"https:\/\/schema.org\",\"@graph\":[{\"@type\":\"WebPage\",\"@id\":\"https:\/\/www.renonat.com\/index.php\/glossaire\/\",\"url\":\"https:\/\/www.renonat.com\/index.php\/glossaire\/\",\"name\":\"Glossaire - R\u00e9noNat\",\"isPartOf\":{\"@id\":\"https:\/\/www.renonat.com\/#website\"},\"datePublished\":\"2023-02-12T15:09:44+00:00\",\"dateModified\":\"2023-02-12T15:17:41+00:00\",\"description\":\"Am\u00e9liorez votre connaissance de la ma\u00eetrise d'ouvrage gr\u00e2ce \u00e0 notre glossaire d\u00e9taill\u00e9. D\u00e9couvrez les termes cl\u00e9s et les concepts importants pour une meilleure compr\u00e9hension de ce domaine. Consultez notre guide pour en savoir plus.\",\"breadcrumb\":{\"@id\":\"https:\/\/www.renonat.com\/index.php\/glossaire\/#breadcrumb\"},\"inLanguage\":\"fr-FR\",\"potentialAction\":[{\"@type\":\"ReadAction\",\"target\":[\"https:\/\/www.renonat.com\/index.php\/glossaire\/\"]}]},{\"@type\":\"BreadcrumbList\",\"@id\":\"https:\/\/www.renonat.com\/index.php\/glossaire\/#breadcrumb\",\"itemListElement\":[{\"@type\":\"ListItem\",\"position\":1,\"name\":\"Accueil\",\"item\":\"https:\/\/www.renonat.com\/\"},{\"@type\":\"ListItem\",\"position\":2,\"name\":\"Glossaire\"}]},{\"@type\":\"WebSite\",\"@id\":\"https:\/\/www.renonat.com\/#website\",\"url\":\"https:\/\/www.renonat.com\/\",\"name\":\"R\u00e9noNat\",\"description\":\"R\u00e9habilitation du b\u00e2ti ancien - R\u00e9novation \u00e9nerg\u00e9tique biosourc\u00e9e\",\"publisher\":{\"@id\":\"https:\/\/www.renonat.com\/#\/schema\/person\/26721545b3c58aa6db2b2e7a9c277a9d\"},\"potentialAction\":[{\"@type\":\"SearchAction\",\"target\":{\"@type\":\"EntryPoint\",\"urlTemplate\":\"https:\/\/www.renonat.com\/?s={search_term_string}\"},\"query-input\":\"required name=search_term_string\"}],\"inLanguage\":\"fr-FR\"},{\"@type\":[\"Person\",\"Organization\"],\"@id\":\"https:\/\/www.renonat.com\/#\/schema\/person\/26721545b3c58aa6db2b2e7a9c277a9d\",\"name\":\"Nathalie\",\"image\":{\"@type\":\"ImageObject\",\"inLanguage\":\"fr-FR\",\"@id\":\"https:\/\/www.renonat.com\/#\/schema\/person\/image\/\",\"url\":\"https:\/\/www.renonat.com\/wp-content\/uploads\/2022\/11\/cropped-cropped-cropped-cropped-logo-RenoNat-1-1.png\",\"contentUrl\":\"https:\/\/www.renonat.com\/wp-content\/uploads\/2022\/11\/cropped-cropped-cropped-cropped-logo-RenoNat-1-1.png\",\"width\":500,\"height\":500,\"caption\":\"Nathalie\"},\"logo\":{\"@id\":\"https:\/\/www.renonat.com\/#\/schema\/person\/image\/\"}}]}<\/script>\n<!-- \/ Yoast SEO plugin. -->","yoast_head_json":{"title":"Glossaire - R\u00e9noNat","description":"Am\u00e9liorez votre connaissance de la ma\u00eetrise d'ouvrage gr\u00e2ce \u00e0 notre glossaire d\u00e9taill\u00e9. D\u00e9couvrez les termes cl\u00e9s et les concepts importants pour une meilleure compr\u00e9hension de ce domaine. Consultez notre guide pour en savoir plus.","robots":{"index":"index","follow":"follow","max-snippet":"max-snippet:-1","max-image-preview":"max-image-preview:large","max-video-preview":"max-video-preview:-1"},"canonical":"https:\/\/www.renonat.com\/index.php\/glossaire\/","og_locale":"fr_FR","og_type":"article","og_title":"Glossaire - R\u00e9noNat","og_description":"Am\u00e9liorez votre connaissance de la ma\u00eetrise d'ouvrage gr\u00e2ce \u00e0 notre glossaire d\u00e9taill\u00e9. D\u00e9couvrez les termes cl\u00e9s et les concepts importants pour une meilleure compr\u00e9hension de ce domaine. Consultez notre guide pour en savoir plus.","og_url":"https:\/\/www.renonat.com\/index.php\/glossaire\/","og_site_name":"R\u00e9noNat","article_modified_time":"2023-02-12T15:17:41+00:00","og_image":[{"width":512,"height":512,"url":"https:\/\/www.renonat.com\/wp-content\/uploads\/2022\/11\/cropped-cropped-cropped-Renonat2.png","type":"image\/png"}],"twitter_card":"summary_large_image","twitter_misc":{"Dur\u00e9e de lecture estim\u00e9e":"2 minutes"},"schema":{"@context":"https:\/\/schema.org","@graph":[{"@type":"WebPage","@id":"https:\/\/www.renonat.com\/index.php\/glossaire\/","url":"https:\/\/www.renonat.com\/index.php\/glossaire\/","name":"Glossaire - R\u00e9noNat","isPartOf":{"@id":"https:\/\/www.renonat.com\/#website"},"datePublished":"2023-02-12T15:09:44+00:00","dateModified":"2023-02-12T15:17:41+00:00","description":"Am\u00e9liorez votre connaissance de la ma\u00eetrise d'ouvrage gr\u00e2ce \u00e0 notre glossaire d\u00e9taill\u00e9. D\u00e9couvrez les termes cl\u00e9s et les concepts importants pour une meilleure compr\u00e9hension de ce domaine. Consultez notre guide pour en savoir plus.","breadcrumb":{"@id":"https:\/\/www.renonat.com\/index.php\/glossaire\/#breadcrumb"},"inLanguage":"fr-FR","potentialAction":[{"@type":"ReadAction","target":["https:\/\/www.renonat.com\/index.php\/glossaire\/"]}]},{"@type":"BreadcrumbList","@id":"https:\/\/www.renonat.com\/index.php\/glossaire\/#breadcrumb","itemListElement":[{"@type":"ListItem","position":1,"name":"Accueil","item":"https:\/\/www.renonat.com\/"},{"@type":"ListItem","position":2,"name":"Glossaire"}]},{"@type":"WebSite","@id":"https:\/\/www.renonat.com\/#website","url":"https:\/\/www.renonat.com\/","name":"R\u00e9noNat","description":"R\u00e9habilitation du b\u00e2ti ancien - R\u00e9novation \u00e9nerg\u00e9tique biosourc\u00e9e","publisher":{"@id":"https:\/\/www.renonat.com\/#\/schema\/person\/26721545b3c58aa6db2b2e7a9c277a9d"},"potentialAction":[{"@type":"SearchAction","target":{"@type":"EntryPoint","urlTemplate":"https:\/\/www.renonat.com\/?s={search_term_string}"},"query-input":"required name=search_term_string"}],"inLanguage":"fr-FR"},{"@type":["Person","Organization"],"@id":"https:\/\/www.renonat.com\/#\/schema\/person\/26721545b3c58aa6db2b2e7a9c277a9d","name":"Nathalie","image":{"@type":"ImageObject","inLanguage":"fr-FR","@id":"https:\/\/www.renonat.com\/#\/schema\/person\/image\/","url":"https:\/\/www.renonat.com\/wp-content\/uploads\/2022\/11\/cropped-cropped-cropped-cropped-logo-RenoNat-1-1.png","contentUrl":"https:\/\/www.renonat.com\/wp-content\/uploads\/2022\/11\/cropped-cropped-cropped-cropped-logo-RenoNat-1-1.png","width":500,"height":500,"caption":"Nathalie"},"logo":{"@id":"https:\/\/www.renonat.com\/#\/schema\/person\/image\/"}}]}},"_links":{"self":[{"href":"https:\/\/www.renonat.com\/index.php\/wp-json\/wp\/v2\/pages\/1603","targetHints":{"allow":["GET"]}}],"collection":[{"href":"https:\/\/www.renonat.com\/index.php\/wp-json\/wp\/v2\/pages"}],"about":[{"href":"https:\/\/www.renonat.com\/index.php\/wp-json\/wp\/v2\/types\/page"}],"author":[{"embeddable":true,"href":"https:\/\/www.renonat.com\/index.php\/wp-json\/wp\/v2\/users\/1"}],"replies":[{"embeddable":true,"href":"https:\/\/www.renonat.com\/index.php\/wp-json\/wp\/v2\/comments?post=1603"}],"version-history":[{"count":4,"href":"https:\/\/www.renonat.com\/index.php\/wp-json\/wp\/v2\/pages\/1603\/revisions"}],"predecessor-version":[{"id":1607,"href":"https:\/\/www.renonat.com\/index.php\/wp-json\/wp\/v2\/pages\/1603\/revisions\/1607"}],"wp:attachment":[{"href":"https:\/\/www.renonat.com\/index.php\/wp-json\/wp\/v2\/media?parent=1603"}],"curies":[{"name":"wp","href":"https:\/\/api.w.org\/{rel}","templated":true}]}}